{"id":1493,"date":"2016-10-21T19:57:59","date_gmt":"2016-10-21T19:57:59","guid":{"rendered":"http:\/\/blogyo.different-themes.com\/?page_id=125"},"modified":"2025-04-24T01:49:41","modified_gmt":"2025-04-24T00:49:41","slug":"ecletismo-musical","status":"publish","type":"page","link":"https:\/\/www.ecletismomusical.pt\/en\/ecletismo-musical\/","title":{"rendered":"Musical Eclecticism"},"content":{"rendered":"<h3>A &#8220;tocar&#8221; desde 2004.<\/h3>\n<p>Foi a <strong>10 de Setembro de 2004<\/strong>, que nasceu o <strong>\u00abEclectismo Musical\u00bb, <\/strong>enquanto blog e como<em> \u201capenas uma forma de aprendizagem e de comunica\u00e7\u00e3o, tendo como o nome indica, especial aten\u00e7\u00e3o ao que se vai fazendo um pouco por todo o mundo no que h\u00e1 m\u00fasica diz respeito.\u201d<\/em><\/p>\n<p>De 2004 a 2011, o blog teve enorme vitalidade, com enorme frequ\u00eancia de posts e grande intera\u00e7\u00e3o com os leitores e com os artistas.<\/p>\n<p>A partir de 2008, altura em que o registo de concertos no Youtube era ainda algo muito primitivo e os equipamentos n\u00e3o permitiam grande qualidade de imagem e sobretudo de som, o Ecletismo Musical surpreendeu ao disponibilizar com qualidade in\u00fameros videos de concertos.<\/p>\n<p>O <strong>Canal do Youtube do Ecletismo Musical<\/strong> teve tamb\u00e9m um boom e, apesar de raramente nos \u00faltimos anos terem sido colocados novos videos, mantem ainda mais de 600 subscritores e o impressionante n\u00famero de mais de <strong>2,4 milh\u00f5es de visualiza\u00e7\u00f5es<\/strong>!<\/p>\n<p>A partir de 2010, o blog foi partilhando o protagonismo com a p\u00e1gina oficial no Facebook.<\/p>\n<p>A partir de 2012, a atividade do <strong>Musical Eclecticism<\/strong> centrou-se no facebook (atualmente com mais de 1300 gostos), tem sido na p\u00e1gina do <a href=\"https:\/\/pt-br.facebook.com\/Ecletismo-Musical-333355170090679\/\">EM no facebook<\/a> que t\u00eam continuado, ano ap\u00f3s ano, os posts regulares sobre todo o universo musical que se vai fazendo um pouco por todo o mundo e nos mais diversos ambientes musicais.<\/p>\n<p>Em Junho de 2018, o <strong>\u00a0Musical Eclecticism <\/strong>renasceu, com nova imagem e enquanto \u201cPortal de m\u00fasica com presen\u00e7a online desde 2004, onde todos os g\u00e9neros musicais t\u00eam presen\u00e7a e onde a \u00fanica regra \u00e9 ser feito exclusivamente por gosto\u201d.<\/p>\n<p>Em Abril de 2025, o <strong>Ecletismo Musical, <\/strong>depois de um hiato, volta \u00e0 sua atividade habitual, mantendo sempre a regra iniciada em 2004:&#8221;tudo o que se gosta, da forma como se gosta, quando se gosta&#8221;.<\/p>\n<p>Sejam todos (sempre, desde sempre) bem-vindos!<\/p>","protected":false},"excerpt":{"rendered":"<p>A &#8220;tocar&#8221; desde 2004. Foi a 10 de Setembro de 2004, que nasceu o \u00abEclectismo Musical\u00bb, enquanto blog e como \u201capenas uma forma de aprendizagem e de comunica\u00e7\u00e3o, tendo como o nome indica, especial aten\u00e7\u00e3o ao que se vai fazendo um pouco por todo o mundo no que h\u00e1 m\u00fasica diz respeito.\u201d De 2004 a<\/p>","protected":false},"author":1,"featured_media":0,"parent":0,"menu_order":0,"comment_status":"closed","ping_status":"closed","template":"","meta":[],"_links":{"self":[{"href":"https:\/\/www.ecletismomusical.pt\/en\/wp-json\/wp\/v2\/pages\/1493"}],"collection":[{"href":"https:\/\/www.ecletismomusical.pt\/en\/wp-json\/wp\/v2\/pages"}],"about":[{"href":"https:\/\/www.ecletismomusical.pt\/en\/wp-json\/wp\/v2\/types\/page"}],"author":[{"embeddable":true,"href":"https:\/\/www.ecletismomusical.pt\/en\/wp-json\/wp\/v2\/users\/1"}],"replies":[{"embeddable":true,"href":"https:\/\/www.ecletismomusical.pt\/en\/wp-json\/wp\/v2\/comments?post=1493"}],"version-history":[{"count":3,"href":"https:\/\/www.ecletismomusical.pt\/en\/wp-json\/wp\/v2\/pages\/1493\/revisions"}],"predecessor-version":[{"id":5493,"href":"https:\/\/www.ecletismomusical.pt\/en\/wp-json\/wp\/v2\/pages\/1493\/revisions\/5493"}],"wp:attachment":[{"href":"https:\/\/www.ecletismomusical.pt\/en\/wp-json\/wp\/v2\/media?parent=1493"}],"curies":[{"name":"wp","href":"https:\/\/api.w.org\/{rel}","templated":true}]}}

<h3>A &#8220;tocar&#8221; desde 2004.</h3>
<p>Foi a <strong>10 de Setembro de 2004</strong>, que nasceu o <strong>«Eclectismo Musical», </strong>enquanto blog e como<em> “apenas uma forma de aprendizagem e de comunicação, tendo como o nome indica, especial atenção ao que se vai fazendo um pouco por todo o mundo no que há música diz respeito.”</em></p>
<p>De 2004 a 2011, o blog teve enorme vitalidade, com enorme frequência de posts e grande interação com os leitores e com os artistas.</p>
<p>A partir de 2008, altura em que o registo de concertos no Youtube era ainda algo muito primitivo e os equipamentos não permitiam grande qualidade de imagem e sobretudo de som, o Ecletismo Musical surpreendeu ao disponibilizar com qualidade inúmeros videos de concertos.</p>
<p>O <strong>Canal do Youtube do Ecletismo Musical</strong> teve também um boom e, apesar de raramente nos últimos anos terem sido colocados novos videos, mantem ainda mais de 600 subscritores e o impressionante número de mais de <strong>2,4 milhões de visualizações</strong>!</p>
<p>A partir de 2010, o blog foi partilhando o protagonismo com a página oficial no Facebook.</p>
<p>A partir de 2012, a atividade do <strong>Musical Eclecticism</strong> centrou-se no facebook (atualmente com mais de 1300 gostos), tem sido na página do <a href="https://pt-br.facebook.com/Ecletismo-Musical-333355170090679/">EM no facebook</a> que têm continuado, ano após ano, os posts regulares sobre todo o universo musical que se vai fazendo um pouco por todo o mundo e nos mais diversos ambientes musicais.</p>
<p>Em Junho de 2018, o <strong> Musical Eclecticism </strong>renasceu, com nova imagem e enquanto “Portal de música com presença online desde 2004, onde todos os géneros musicais têm presença e onde a única regra é ser feito exclusivamente por gosto”.</p>
<p>Em Abril de 2025, o <strong>Ecletismo Musical, </strong>depois de um hiato, volta à sua atividade habitual, mantendo sempre a regra iniciada em 2004:&#8221;tudo o que se gosta, da forma como se gosta, quando se gosta&#8221;.</p>
<p>Sejam todos (sempre, desde sempre) bem-vindos!</p>

<p>A &#8220;tocar&#8221; desde 2004. Foi a 10 de Setembro de 2004, que nasceu o «Eclectismo Musical», enquanto blog e como “apenas uma forma de aprendizagem e de comunicação, tendo como o nome indica, especial atenção ao que se vai fazendo um pouco por todo o mundo no que há música diz respeito.” De 2004 a</p>
